*g - 3. Let s be t(-2). What is the units digit of (s + 0)/(1 + 1)?
4
Let a(k) = 19*k - 22. What is the tens digit of a(5)?
7
Suppose 5*r - 2*f - 705 = 0, -3*r - 3*f + 0*f + 423 = 0. What is the hundreds digit of r?
1
What is the units digit of (4 + -2)*(-35)/(-10)?
7
Let r = -8 - -12. Suppose -r*g + 40 = 8. What is the units digit of g?
8
Suppose -2*b = -h - 27, 0*h + 5*h - 5*b + 130 = 0. Let v be 35/((-2)/(-2) - 2). Let w = h - v. What is the units digit of w?
0
Suppose 3*j + 2*j - 60 = 0. What is the units digit of j?
2
Suppose -3*l - 11 - 1 = 0, -2*l = -b - 3. Let a = b + 17. Suppose -m = -a*m + 40. What is the units digit of m?
8
Suppose -2 = 2*c, -3*r = -0*c - 4*c - 10. Let q = 2 + r. What is the units digit of q?
4
Suppose 9*l - 12*l = -87. What is the units digit of l?
9
Suppose 0 = 5*s - 31 + 6. Let i(b) = -2*b - b + 2*b**2 - b**2 + s. What is the units digit of i(4)?
9
Let h = -5 - -12. Suppose 34 = 3*x + h. What is the units digit of x?
9
Let o be 4*2*(-6)/(-16). Suppose 5*b = -y + o, 0 = 4*b - 2*y + 3 + 3. Suppose 4*r - 4*a - 20 = b, -3*r + 4*a = -9 - 2. What is the units digit of r?
9
Let c(s) = -92*s - 6. What is the units digit of c(-2)?
8
Let v(q) = -1 + 4*q**3 - 3*q - 2*q**2 + 2*q + q**2. Let d be v(2). Suppose d = 4*y - 7. What is the units digit of y?
8
Suppose 27 = 5*w - 93. Suppose 24 = 5*x - s - w, x + 3*s - 16 = 0. What is the tens digit of x?
1
Let y(a) = -a**2 - 3*a - 1. Let v be y(-2). What is the tens digit of (v/2)/((-7)/(-154))?
1
Let x(a) = -a**3 + 9*a**2 - 10*a + 4. Suppose 10 = -2*l + 7*l - 5*t, -5*l - 5*t + 60 = 0. What is the tens digit of x(l)?
3
Let m = -134 - -245. What is the hundreds digit of m?
1
Let o = 1 + 6. What is the units digit of o?
7
Suppose -61 = -j + 3*o - 5, 3*o - 26 = -j. Suppose 0 = 3*p - 10 - j. What is the tens digit of p?
1
Suppose 2*f - 5*m = 29, 2*f - m - 3*m = 24. Let h = 15 + -11. Suppose f*t - t - h = 0. What is the units digit of t?
4
Let w = 14 + -10. Let o(k) = 7*k - 8. What is the tens digit of o(w)?
2
Let s(q) = -7*q + 2. Let c be (-5 - -5) + (-1 - 2). What is the units digit of s(c)?
3
Let r(w) = -w**3 + 7*w**2 + 18*w - 25. What is the units digit of r(8)?
5
Suppose 3*l = l + 12. Let m be l/5*10/3. Suppose 53 = 3*c + 4*b + 6, -m*c + 3*b + 21 = 0. What is the units digit of c?
9
Let m = -22 - -34. What is the units digit of (-2)/m + (-13)/(-6)?
2
Let s(m) = m**2 - m - 4. Let z be s(-3). Suppose w - z = -w. What is the units digit of w?
4
Let y(o) = -43*o + 6. Let p be y(-8). Suppose 4*x - 2*u = p, 0 = 2*u - 8 - 2. Suppose 9*l = 4*l + x. What is the units digit of l?
8
Suppose -2*t - z = -10, 20 = 4*t + z + 2. Let c(m) = -t*m**2 + 3 + 3 - m**2 - 5*m**2 - m**3. What is the units digit of c(-10)?
6
Let p = 194 + -100. What is the units digit of p?
4
Suppose 5 + 1 = 3*d. Suppose -3*f = 2*f - y + 22, -y - 13 = d*f. Let b = f + 13. What is the units digit of b?
8
Suppose v + w - 48 = -2*v, 3*v + 4*w = 39. What is the tens digit of v?
1
Let f = -4 - -7. Let q(c) = -f*c + c**3 - 1 + c - 5 + 8*c**2. What is the units digit of q(-8)?
0
Suppose 2*t - w = -0 - 5, 1 = -4*t - w. Let q = t - -2. Let c(o) = 4*o**3 + o**2. What is the units digit of c(q)?
5
Suppose 2*d + 0*v + 3 = 3*v, -d = -5*v - 2. Let u = -1 - d. What is the units digit of u?
2
Let u(i) = i**3 - 3*i**2 + 9*i**2 + 0*i**2 - 2*i - 1 - 7. Let l(d) = 5*d - 1. Let k be l(-1). What is the units digit of u(k)?
4
Let b(q) = 11*q - 4. Let i be b(3). Suppose 3*y - 70 = -5*g, 0 = -4*g + 4*y + 117 - i. What is the units digit of g?
7
What is the tens digit of 10/25 + 206/10?
2
Let g(r) be the first derivative of r**2 + 4/3*r**3 + 2 + 1/4*r**4 + r. What is the units digit of g(-3)?
4
Suppose 3*y = -o + 4, 0 = 3*o - y - 3 + 21. Let w = o - -6. What is the units digit of w?
1
What is the units digit of 1/4 - 156/(-16)?
0
Let a = 196 + -100. What is the tens digit of a?
9
What is the units digit of (-1038)/(-15) - 1/5?
9
Let b = -489 - -775. What is the units digit of b?
6
Let d(b) = -5 - 15*b - 2 + 13*b. What is the units digit of d(-5)?
3
Suppose 8*p - 690 + 90 = 0. What is the tens digit of p?
7
Suppose 5*r - 3*m - 27 = -m, -6 = -2*r - 4*m. Suppose r*z - 16 = 3*z. What is the units digit of z?
8
Suppose 0 = -l - 12 + 168. What is the hundreds digit of l?
1
Let f = 3 + 0. Let n = f + -1. Suppose n*v = 4, 3 = -4*h - 2*v + 19. What is the units digit of h?
3
Let y(v) = -v**3 - 5*v**2 - 7. Let a be y(-6). Suppose 0 = 2*t + 1 - a. Let x = -7 + t. What is the units digit of x?
7
Let c be ((-4)/8)/((-1)/14). Suppose 0 = -3*s - c + 1. What is the units digit of ((-3)/(s/(-2)))/(-1)?
3
Let s be ((-40)/14)/(4/(-14)). Let v(j) = j - 7. Let i be v(s). What is the units digit of (-18)/(-4) - i/(-6)?
5
Let y be 2/2 - (-3 - -7). Let h be (y - -2)*(-3 - -6). Let d = h - -10. What is the units digit of d?
7
Let v(c) = -c - 11. Let a be v(-5). What is the tens digit of 7*(a/3 + 4)?
1
Let g(v) = 45*v**2 - 10*v + 15. What is the hundreds digit of g(2)?
1
Suppose 0 = 5*d - 5 - 15. Suppose -4*g = -0*g - d. What is the units digit of g?
1
Suppose 3*v + 15 = 4*v. What is the units digit of v?
5
Suppose 2*i - 74 = 162. What is the units digit of i?
8
Let b be (8/(-4))/((-2)/7). Suppose 2*l = b*l - 25. What is the units digit of l?
5
Let x = -6 + 1. Let t = 8 - 1. Let b = x + t. What is the units digit of b?
2
Let q be (-6)/21 - (-115)/35. Suppose q*z + 153 = 3*t, -6*t - 5*z + 121 = -3*t. What is the tens digit of t?
4
Let a be (-1)/(3/6) - -17. Suppose 3*b - 13 = -r, 0*r = 5*r - 5*b + a. Suppose 4*l = -4*v + 48, -4*v = r - 5. What is the units digit of l?
1
Let a(f) = -10*f - 2*f**2 - f**3 - 5*f**2 - 4*f**2 + 1 + 1. What is the units digit of a(-10)?
2
Let m be ((-30)/(-4))/((-2)/(-12)). Suppose -4 = 5*k - 39. Suppose -m = -2*z - k. What is the tens digit of z?
1
Let b be (2 + -2 + 3)*-8. Let z = -16 - b. What is the units digit of z?
8
Suppose -148 = -3*n - 5*r, 5*n - 4*r + r - 190 = 0. What is the tens digit of n?
4
Let d be -1 - 1/1 - 52. Let o = d - -91. What is the units digit of o?
7
Suppose 1 = k - 2*s + 7, -4*k + 5*s - 9 = 0. Suppose a = -k*a + 25. What is the units digit of a?
5
Suppose -54 = 21*j - 24*j. What is the tens digit of j?
1
Let j = 22 + -10. Suppose -3*n + j = n. What is the units digit of n?
3
Let p = -18 + 28. Let v(h) = -h**3 + 5*h**2 + 2*h + 4. Let f be v(4). Suppose 5*q = j + 10, -5*j + f = -3*q - p. What is the tens digit of j?
1
Let z = -14 - -25. Suppose 5*p = -15, 0 = 3*f - 5*f - 2*p - 2. Suppose -u - z = -f*u. What is the units digit of u?
1
Let o(d) = d**3 + 9*d**2 + 9*d + 11. Let k be o(-8). Let j = -10 - -25. Suppose -k*x - 5*z = -42, 3*z + 2*z = j. What is the units digit of x?
9
Let n(d) = -3*d + 3. Let m be (0 - 0) + 9/(-1). What is the units digit of n(m)?
0
Let a = -2 - -3. What is the units digit of 4/a + (4 - 1)?
7
Let w(b) = -2*b + 6. Let f be w(4). Let v be 4/20 - f/(-10). Let r = 3 + v. What is the units digit of r?
3
Let n be (-4)/12 - (-52)/12. Suppose 2*x - 56 - n = 0. What is the units digit of x?
0
Suppose -d - 6 = -a, 3*a = -2*a - 4*d + 3. Suppose 0 = -a*r + 2*r + 2. What is the units digit of (-1)/r - (-18)/4?
4
Let r(s) = -s**2. Let k(m) = 3*m**2 - 11*m - 10. Let o(z) = -k(z) - 4*r(z). Let g be o(-7). Let b = -9 - g. What is the units digit of b?
9
Let g(j) = j + 6. Let r be g(0). What is the units digit of r/3 - 4 - -11?
9
Suppose -c + 80 = 3*c. Let p = c - 5. Suppose 5 + p = 2*n. What is the tens digit of n?
1
Let n = -4 - -7. Suppose 20 = n*h - 8*h. Let f = h + 10. What is the units digit of f?
6
Let n(h) = -h**2 + 6*h - 4. Let f be n(3). Suppose 93 = 4*a + z - 0*z, -f*z = a - 47. What is the units digit of a?
2
Let w = 88 + -24. What is the units digit of w?
4
Suppose 0 = 5*f + 2*z - 12, -4*f + 3*z + 8 = -5*f. Let j = f - 8. Let m = 1 - j. What is the units digit of m?
5
Let p(u) be the first derivative of -u**3/3 + 5*u**2/2 + 7*u + 1. Suppose 0 = -5*k + 25, 2*w + 2*k - k = 15. What is the units digit of p(w)?
7
What is the units digit of (-8)/68 + 3544/68?
2
Let d = 172 + -96. Suppose -7*z - d = -3*z. Let k = z - -27. What is the units digit of k?
8
Let v = -2 - -2. Let x(o) = 3*o - 4. Let g be x(4). Suppose 0 = -2*p + g - v. What is the units digit of p?
4
Let v = 94 - 61. What is the tens digit of v?